of -144*(10/4 - 6)?
2, 3, 7
Suppose 3689 = 6*y - 3829. What are the prime factors of y?
7, 179
Let o be -36*-3*(-2)/(-9). Suppose -r + 3*u + o = 0, -u + 3 = r - 17. List the prime factors of r.
3, 7
Suppose r - 3*r = 0. Suppose 4*d = -2*x + 16, 5*x + r*d - d - 7 = 0. Suppose -3*a = -4*u - 76 - 16, -5*u = x*a - 69. List the prime factors of a.
2
Let t(l) = -150*l - 174. What are the prime factors of t(-13)?
2, 3, 37
Let l(a) = 4*a - 5. Let t(o) = -o**3 + 2*o**2 - o + 8. Suppose 2*h - 7*h = 0. Let r be t(h). What are the prime factors of l(r)?
3
Let b(c) = -c**3 - 8*c**2 + 6*c - 10. Let d be b(-9). Let v = 5 - d. What are the prime factors of (-472)/(-14) + v/(-42)?
2, 17
Let v(c) = -c**3 + 3*c**2 + 47*c - 14. What are the prime factors of v(-7)?
3, 7
Suppose -17 - 1 = -2*b - 4*c, 3*b = 4*c + 17. Suppose -4*i = -4*o + o - b, o + 17 = 5*i. Let q(r) = r**2 + 4*r + 1. List the prime factors of q(o).
2, 11
Let y(z) = z. Let d(n) = -12. Let f(b) = d(b) + y(b). Let r be f(9). List the prime factors of (-8)/r*(-138)/(-8).
2, 23
Let c(q) = 26*q - 111. Let t(w) = 9*w - 37. Let z(f) = 2*c(f) - 7*t(f). List the prime factors of z(-6).
103
Suppose 0 = 2*h + 2*h - 72. Let s(i) = 6 + h - 5 - i**2. What are the prime factors of s(0)?
19
Suppose 366*m - 1290 = 361*m. List the prime factors of m.
2, 3, 43
Let x(r) = 34*r**2 - 24*r - 123. What are the prime factors of x(9)?
3, 5, 7, 23
Let v = 484 - -900. Suppose -5*s - 4*l = -1381, 0 = 5*s + l - 0*l - v. What are the prime factors of s?
277
Let g = 3 - -22. Let j be (-5)/g + (-139)/5. Let y = 70 + j. List the prime factors of y.
2, 3, 7
Let r(v) = -v**3 + 27*v**2 - 63*v - 59. What are the prime factors of r(19)?
2, 3, 17
Suppose 5*h - 4*i = 1294, -3*h + 1095 = -3*i + 318. Suppose -4*u - 6 = -u, 2*m - 4*u - h = 0. What are the prime factors of m?
5
Suppose 0 = -6*w + 3*w. Suppose u - 52 = 3*x, -5*u + 0*x + x + 330 = w. List the prime factors of u.
67
Suppose -2*v = -0*v. Suppose -5*x + 46 + 171 = 3*q, v = 3*x - 3*q - 111. Suppose 2*h - x + 17 = 0. What are the prime factors of h?
2, 3
Suppose 3*c - 146 - 58 = 0. Suppose n + 196 - c = 0. Let j = -87 - n. List the prime factors of j.
41
Suppose -4*s + 5*j + 8 = -347, 0 = -3*s - 2*j + 295. What are the prime factors of s?
5, 19
Let k = 11 - 1. Let x(g) = g**2 - 3*g + 2. Let m be x(k). Suppose 5*d - 130 = -5*o, 0 = 3*d - 6*d - o + m. What are the prime factors of d?
23
Let a(z) = 7*z**2 - 5*z + 6. Let m be a(4). Suppose -9*r = -505 - m. List the prime factors of r.
67
Let l(g) be the first derivative of -g**2/2 - 6. List the prime factors of l(-13).
13
Suppose 0 = -5*v + a - 41, a = 4*v + 20 + 12. Let i be 4 - ((0 - -3) + v). Let l(u) = u**3 - 9*u**2 - 5*u + 2. List the prime factors of l(i).
2, 13
Suppose 0 = 67*a - 11*a - 89208. List the prime factors of a.
3, 59
Suppose -391 = -20*o + 41189. List the prime factors of o.
3, 7, 11
Let m(n) = -n**3 + 5*n**2 + n - 2. Let t be m(5). Suppose 0 = q + c + 5, -15 = t*q - 0*q - 5*c. What are the prime factors of 4 - -62*q/(-10)?
5, 7
Suppose 3*k - 6*o + 5*o - 239 = 0, -4*k + 3*o + 322 = 0. Let g = 196 + k. List the prime factors of g.
5, 11
Let m = -341 - -351. List the prime factors of m.
2, 5
List the prime factors of 9415/(-140)*(1 - 21).
5, 269
Let i = 2782 + -1679. What are the prime factors of i?
1103
Suppose -2*u + 40 = 2*c, -u - 5*c = -23 - 17. Suppose -6*t + u = -t. Let b(m) = 3*m - 3. What are the prime factors of b(t)?
2, 3
Let m be (-6)/(-4) - 365/10. Let s = m + 39. What are the prime factors of s?
2
List the prime factors of -175*(-10)/(-75)*-3.
2, 5, 7
Suppose -3*f + 4*k - 10 = -6, 2*f - 5*k = -12. Suppose f*r - 185 = -5*v + 416, -2*v = -10. What are the prime factors of r?
2, 3
Let i = 11 - 17. Let h be 2/(-4 - (-21)/6). What are the prime factors of (h/6)/(i/99)?
11
Let z be 4/(1/((-415)/(-10))). What are the prime factors of (4 - (6 - 5)) + z?
13
Let f = 41 + -58. Let s = -13 - f. Suppose 5*y - s*j = 198, -2*j - 33 = -y + 9. What are the prime factors of y?
2, 19
Let n = 343 + -265. What are the prime factors of n?
2, 3, 13
Let n be (-36)/(-15)*20/6. Suppose -a + 2*a + 8 = 2*h, -2*h - n = 3*a. Suppose h*r - 29 = -1. What are the prime factors of r?
2, 7
Suppose -r + 0 = -2. Let h(q) = 3*q**3 + 3*q**2 - 4*q + 3. What are the prime factors of h(r)?
31
Let j = 2 - 3. Let i(x) be the second derivative of -3*x**5/4 - x**3/3 - x**2/2 + 2*x + 7. List the prime factors of i(j).
2
Suppose 1401 = -4*m + 19177. What are the prime factors of m?
2, 11, 101
Let h(z) = -79*z - 37. List the prime factors of h(-7).
2, 3, 43
Let a(j) = 8 - 11 + 3*j**2 + 0*j**2. What are the prime factors of a(4)?
3, 5
Suppose -13*o + 480 = -15*o. Let y = o - -418. List the prime factors of y.
2, 89
Let h = -1317 - -2294. What are the prime factors of h?
977
Suppose 25*h = 20*h + 320. Suppose -3*r + h = 2*b, 3*r = 3*b + 2*r - 118. List the prime factors of b.
2, 19
Let g = -5 + 11. Suppose -g*j + 4 + 8 = 0. Suppose 5*w - 71 = -v, -24 = -j*w + 3*v + v. What are the prime factors of w?
2, 7
What are the prime factors of ((-170)/(-4))/(209/(-22) + 10)?
5, 17
Suppose -17 = -15*m + 14*m. Let i be m/(-102) - (-295)/6. Suppose i = k + 19. List the prime factors of k.
2, 3, 5
Let m = 160 - -854. What are the prime factors of m?
2, 3, 13
Let z(x) = x**2 - 9*x + 25. Let w be z(8). List the prime factors of (2*-1 + 3)/(w/969).
3, 19
Let l be (-8)/36 - 944/(-36). List the prime factors of l + 0*(-2)/8.
2, 13
Let u = 15 + -12. Suppose -5*j - 1 = -2*j + 2*o, j + u*o = -12. Suppose 4*s - j*s = 4. What are the prime factors of s?
2
Suppose 8*v - 7*v - 17 = 0. What are the prime factors of v?
17
Let w be (-3)/(-9)*3*2. Let d = 276 - 194. Suppose -3*s = 5*n - 322, -3*n + d = -w*n + 5*s. List the prime factors of n.
2, 31
What are the prime factors of ((-14)/(-21) + 0)/((-4)/(-2010))?
5, 67
Let c be ((-24)/15)/((-3)/((-30)/(-4))). Suppose c*b - 2*i = 2*b, 0 = 3*i - 12. List the prime factors of b.
2
Suppose -5*o = 4*n - 13 - 12, 0 = 2*n + o - 5. Suppose 2*x - 3*x + 5*m + 96 = n, -3*x + 288 = -2*m. List the prime factors of x.
2, 3
Suppose 2*w + 6 = 0, 4*w = -6*m + 2*m. Let b(l) = 43*l**2 - l - 3. Let q(t) = -44*t**2 + t + 4. Let h(g) = m*q(g) + 4*b(g). List the prime factors of h(-1).
41
Suppose -71 = 4*d + 3*k - 30, -3*k = -4*d - 47. Let n = 15 + d. Suppose -6*w - 10 = -w, n*w = -3*g + 67. What are the prime factors of g?
5
Let x = -43 + 368. List the prime factors of x.
5, 13
Suppose -5*r = -134 - 1411. What are the prime factors of r?
3, 103
Let t = 0 - -2. Suppose -g = t*g. Suppose v - 11 - 9 = g. What are the prime factors of v?
2, 5
Suppose 7*v - 127 - 3821 = 0. What are the prime factors of v?
2, 3, 47
Let n(x) = 21*x + 149. What are the prime factors of n(0)?
149
Let p(a) = a**2 + 17*a + 6. Let j be p(-12). Let t = j - -98. What are the prime factors of t?
2, 11
Let y = -36 - -72. Suppose -3*u + 108 = h - 35, 2*h = u - y. What are the prime factors of u?
2, 23
Suppose 2*k + 0*k = 3*d + 24, 0 = -4*k - 5*d + 26. Suppose k*o = 6*o + 186. What are the prime factors of o?
2, 31
Suppose 4*o + 1249 - 11797 = 0. List the prime factors of o.
3, 293
List the prime factors of 9176/12 + (-161)/(-69).
13, 59
Let a = 276 - 272. Suppose 0*x + 3*x + 5 = -4*y, -4*x + 4*y = -40. Suppose 36 = x*i - a. What are the prime factors of i?
2
Let i(j) be the third derivative of -j**5/60 - 9*j**4/8 + 7*j**3 - 22*j**2. What are the prime factors of i(-23)?
2, 67
Let n(k) = k**3 - 7*k**2 + 5*k + 5. Let w be n(8). Suppose 5*s = -b + w, -3*b + 2*s + 271 = 29. List the prime factors of b.
2, 3, 7
Suppose 0 = 45*j - 49*j + 20. Suppose -j*v + 4*q = -560, -4*q - q = 25. List the prime factors of v.
2, 3
Let m be (689/(-26))/((-1)/2). Let b = 193 - m. Suppose 0 = -5*w + w + b. List the prime factors of w.
5, 7
Let r(j) = -j**2 - 11*j + 44. Let u = -27 + 15. List the prime factors of r(u).
2
What are the prime factors of (-9)/(-54) + 3/((-72)/(-96500))?
4021
Suppose 7924 + 7520 = 11*g. What are the prime factors of g?
2, 3, 13
Suppose -4*c - 89 = -3*t, -4*c + 2*c = 3*t - 59. Suppose -k - 4*l + 28 = -5*k, 3*k - 2*l = -t. List the prime factors of -61*2*k/18.
61
Let m(t) = t**3 + 16*t**2 - 2*t - 97. What are the prime factors of m(-13)?
2, 109
Let p = 36 + -32. Suppose -47 = -9*k + p*k